0. Give l(x).
-1
Let g(f) = -f - 2. Suppose -k + 9 = -0*k. Let c = k - 12. Calculate g(c).
1
Let a be 2/(-3)*12/16*-2. Let s(v) = -41*v - 1. Give s(a).
-42
Let y(g) = g**2 - 214 - 4*g + 221 + 6*g. Calculate y(-5).
22
Suppose 17 + 11 = -4*a + 4*i, -3*a = 2*i + 11. Let o(q) = -q**3 - 12*q**2 + 3*q - 6. Let u(x) = -2*x**2 - x - 1. Let b(g) = o(g) - 4*u(g). Determine b(a).
-12
Let o(r) = -1. Let h(p) = -3*p - 13. Let j(s) = -h(s) + 3*o(s). Determine j(-6).
-8
Let o = -520 - -514. Let k(j) = -10 - 2*j + j + 4. Calculate k(o).
0
Let a(r) be the third derivative of -1/24*r**4 + 0*r + 2/3*r**3 - 5*r**2 + 0. Give a(0).
4
Let x = -395 - -390. Let c(o) = -o**2. Give c(x).
-25
Let f(o) = -7*o. Let l = -7 - -10. Suppose 3*a + 4 - 7 = -2*s, 2 = -2*s + 2*a. Suppose s*v = -3*v + l. Give f(v).
-7
Let l(j) be the third derivative of -j**4/24 + j**3/3 - 10*j**2 + 3*j. Determine l(5).
-3
Let l(k) = -k**2 - k - 1. Let x = -5 - 23. Let f(j) = j**3 - 10*j**2 + 5*j + 5. Let c be f(9). Let w = c - x. Determine l(w).
-7
Let v(y) = -y**3 + 2*y**2 + 2*y + 5. Suppose -28 = 4*n + 160. Let t = -43 - n. Calculate v(t).
-19
Let f(m) = -m**3 + 4*m**2 - 4. Let v = -190 + 193. Calculate f(v).
5
Let m(d) = -11288 + 0*d + 11299 + 7*d - d**2. What is m(8)?
3
Let t be (-3)/15 + 144/20 + -3. Let j(p) be the second derivative of -2*p**2 + 1/6*p**3 + 0 - p. Determine j(t).
0
Let h(c) be the second derivative of c**6/720 + c**5/60 - 11*c**4/6 - 9*c. Let r(q) be the third derivative of h(q). Give r(-2).
0
Let y be 0*1/5 + 23. Let n(d) = 10*d - y*d - 6 + 7*d + 9*d. Determine n(6).
12
Let l(n) = 15*n - 7. Let m be l(3). Let y(t) = 22*t**3 + 3*t**2 - 6 - m*t**3 - 5*t + 17*t**3. What is y(-4)?
-2
Let k be 6/(-9) - 34/(-6). Suppose 4*y - 28 = -5*m + 8*y, 4*m = -2*y + 12. Let z(x) = k*x**2 - 23 - m*x**2 - 2*x**3 + 2*x - 2*x**2 + 24. Determine z(-2).
9
Let z be (12/(-8))/((-3)/34). Suppose -3*m + 5*p = -31, -z = 4*m + 6*p - p. Let x(j) = -7*j - 7 + 14 + m*j**2 - j**2. What is x(5)?
-3
Suppose w = -3*w - 12. Let i(j) = -5*j**2 + 10. Let n(r) = 14*r**2 + 9 - 18*r**2 + 4 - 4. Let g(a) = w*i(a) + 4*n(a). Calculate g(0).
6
Let b(z) = z**3 - 4*z**2 + 2. Let i(k) = -k**3 - k**2 + 3. Suppose 7*n = -17 - 4. Let d be i(n). Let o = d - 17. Determine b(o).
2
Let u(j) = -2*j - 52. Let c(p) = -p - 7. Let i(g) = -5*c(g) + u(g). Give i(11).
16
Let m(u) = u**3 + u**2 - u - 2. Suppose 54*y - 29*y + 75 = 0. What is m(y)?
-17
Suppose 39 = 5*v + 9. Suppose -y - n + 1 + v = 0, y - 5*n - 1 = 0. Let t(r) = r - 3. Determine t(y).
3
Let a(h) = -h - 20. Suppose -8 = t - 2*m, t - 6*m + m - 1 = 0. Give a(t).
-6
Let t(j) be the second derivative of -j**6/120 + j**5/12 - j**4/4 - j**3/3 + 24*j**2 - 5*j + 1. Let r(h) be the first derivative of t(h). What is r(5)?
-32
Let t(x) = -x**3 + 8*x**2 - x + 10. Let l = 60 - 52. Determine t(l).
2
Let d(i) = 2*i**3 + 9*i**2 + 4*i + 3. Let h be d(-4). Let w be 12/(-9)*h - -2. Let x(p) = p**2 - 3*p - 2. Give x(w).
8
Let q(n) = -n**3 - 6*n**2 - 6*n. Let j be q(-5). Let s(u) be the first derivative of 1/4*u**4 + 5/2*u**2 + 5*u + 6 - 2*u**3. Calculate s(j).
5
Let q(b) = -b**3 + b**2 - b + 12. Let t be q(0). Let r(d) = -1 + t*d - 24*d + 10*d. Give r(-2).
3
Suppose 15 - 7 = 4*i. Let c(h) = h**i - 16*h**2 + h + h**2 - 1. Let s(q) = q**2 + 7*q + 7. Let t be s(-6). Give c(t).
-14
Let s(d) = d**3 - 4*d**2 - 5*d + 3. Let l be 0 + 1 + -27 + -3. Let m = l + 42. Let v = m - 8. Give s(v).
3
Let c(j) = j**3 + 3*j**2 - 3*j + 5. Suppose -114 + 33 = -3*k. Suppose 0 = -w - 0*w - 31. Let v = k + w. What is c(v)?
1
Let g(l) = -l - 5. Suppose -6*j = -2*j - 5*t + 4, -5*t + 20 = 0. Suppose p = j*b + 4, -4 = -p - 2*b - 12. Determine g(p).
-1
Let o(i) = i**2 + i - 6. Suppose -5*s - 4*n + 35 = 0, -11 = -3*s - n + 3. Let d be 6/s + 2/(-1). Determine o(d).
-6
Let a(s) = -5*s + 12. Let n(k) = k. Let f(v) = a(v) + 4*n(v). Let y = -8479 - -8485. Give f(y).
6
Let r(p) = 8*p**2 + p. Suppose -2*y = -0*y - 8. Suppose 0 = -5*z - 2*b - 3, 0 = -2*z - z - y*b - 13. What is r(z)?
9
Let o(r) = -r**3 - 1. Let z(v) = 5*v**3 + 6*v**2 - 2*v - 2. Let m(c) = -4*o(c) - z(c). Let a = 11035 + -11041. Calculate m(a).
-6
Let o(x) = x**3 - 30*x**2 + 28*x + 33. Suppose -51*m + 97*m - 1334 = 0. Determine o(m).
4
Let y(s) = -s**2 - 1 - 1 + 186*s - 185*s. Give y(4).
-14
Let g(p) be the third derivative of -p**4/24 + 7*p**3/6 - 10*p**2. Let l = -4 - -3. Let d be l/((-26)/(-14) + -2). Determine g(d).
0
Let q(s) be the third derivative of 1/120*s**6 - 5/3*s**3 - 1/5*s**5 + 0*s + 0 + 45*s**2 + 1/24*s**4. Calculate q(12).
2
Let v(y) = -6*y + 2*y - 27 + 10*y - 3*y - 4*y. Give v(-13).
-14
Let a(h) be the second derivative of 1/6*h**3 + 0 + h + 3/2*h**2 - 1/20*h**5 + 5/12*h**4. Let p be ((-15)/6)/(3/(48/(-8))). What is a(p)?
8
Let w(f) = 2*f + 3*f + 7*f - 14*f - 11. Calculate w(-5).
-1
Let u(g) be the third derivative of g**6/120 - g**5/5 - g**4/24 + 2*g**3 - 3*g**2. Let y be u(12). Let w(d) = -d**3 - d**2 - 4. Give w(y).
-4
Let f(y) = 0*y + y - 2*y. Suppose u - 12 = -2*u, c - 20 = -2*u. Let x(b) = -b**2 + 13*b - 18. Let h be x(c). What is f(h)?
6
Suppose -1760*t - 18 = -1763*t. Let q(d) = -d**2 + 3*d + 5. Calculate q(t).
-13
Let h(x) = x**2 + 4*x - 6. Let p(b) = -11*b**2 + 59*b + 36. Let a be p(6). What is h(a)?
6
Let o(y) = -3*y**3 - 8*y**2 - 5*y. Let b(c) = -c**2 + 0*c**2 + 2 - c - 3 + c**3 - 2*c**3. Let l(s) = -2*b(s) + o(s). Let d be (-2)/3 - 65/15. Calculate l(d).
-8
Suppose 2*f - 318 = 4*a, f = -3*a + 4*f - 246. Let r = a - -83. Let b(l) = l - 5*l - 5 + l**2 - 3. Calculate b(r).
4
Let m(k) be the second derivative of k**5/20 - k**4/2 - k**3/6 + 3*k**2/2 - 2*k + 158. What is m(6)?
-3
Let q be -2 - -23 - (3 + -3). Let c = -15 + q. Let a(z) be the third derivative of -z**4/24 - z**3/3 - 4*z**2. Calculate a(c).
-8
Let j(g) = -12*g + 2. Suppose -21*r - 5*r = 52. Calculate j(r).
26
Let c(h) be the second derivative of 5*h**3/6 + 9*h**2/2 + 29*h. Give c(-10).
-41
Let z = -372 + 377. Let n(j) be the second derivative of -1/6*j**3 + j + 0 - 3*j**2. What is n(z)?
-11
Let i(v) be the second derivative of -v**3/6 + 11*v**2/2 + 6*v. Let w be i(10). Let g(s) = 2 + 2*s**2 - 2*s**3 + 2 - 2*s - 3. Determine g(w).
-1
Suppose 7*w = 4*w - 3, -9 = j + 4*w. Let a(p) = -p. Let b(x) = -3. Let g(r) = -4*a(r) - 2*b(r). Calculate g(j).
-14
Let f(b) = b + 1. Suppose 30 = -5*q + 4*q. Let n = -38 - q. What is f(n)?
-7
Let w = -1488 - -1499. Let r(x) = x + 14. What is r(w)?
25
Let i(d) = d**3 + 2*d**2 + 4*d + 27. Let x be i(-3). Let h(j) = -2*j**2 + 9*j - 3. Determine h(x).
-21
Let u(c) = 6*c**2 + 19*c + 30. Let j(d) = 2*d**2 + 6*d + 9. Let v(l) = 7*j(l) - 2*u(l). Determine v(-1).
1
Suppose -3*p - 10*d - 99 = -7*d, 3*p + d + 89 = 0. Let g = -20 - p. Let f(m) = -m**3 + 8*m**2 + 5. Give f(g).
5
Let g be (-2)/3*15/(-10). Let p(k) = k. Give p(g).
1
Let y(a) = a**2 + 6*a - 10. Let f = -159 - -165. Suppose -f*i - 4*u - 20 = -i, 2*u - 42 = 4*i. Give y(i).
6
Let d(s) = 5*s**3 + 13*s**2 - 4*s. Let l(a) = 6*a**3 + 15*a**2 - 4*a + 1. Let p(j) = 5*d(j) - 4*l(j). Calculate p(-4).
28
Suppose 0 = -3*o - 3*m - 15, -2*m - 19 = -2*o - 9. Let g = -8 + 17. Let k(v) = 2 - 3 + v - g. What is k(o)?
-10
Suppose -u = -3 - 2. Suppose -2 = -u*x + 3. Let n(a) be the third derivative of -a**4/3 - 14*a**2. What is n(x)?
-8
Let h(r) = r**2 + r - 5 + 0 + 1 + 1 + 4. What is h(0)?
1
Let i(y) = -y + 1. Let r(h) = -2*h**2 - 4*h + 10. Let j(c) = 8*i(c) - r(c). Let d = -64 - -68. Calculate j(d).
14
Let w(a) be the third derivative of -a**5/60 - 13*a**4/24 - a**3/2 + 684*a**2. What is w(-12)?
9
Suppose 4*n + 19 - 7 = 0. Let y(d) be the first derivative of d**4/4 + d**3 - d**2/2 + d - 496. Give y(n).
4
Let y(v) = 3*v**2 - 3*v + 4. Let d(l) = -8*l**2 + 10*l - 13. Let f(m) = 4*d(m) + 11*y(m). Let r be 484/(-68) + 2/17. Calculate f(r).
-8
Let b(p) = -p**3 + 6*p**2 - 5*p + 2. Suppose h - 10 = -5. Calculate b(h).
2
Let c = 13 + 5. Let y be (c/(-27))/((-2)/(-6)). Let v be (y - -2)*(4 - 5). Let p(z) = z**3 + z**2 - z - 5. What is p(v)?
-5
Let t(i) = -1. Let p(u) = 2*u + 1. Let s(o) = -p(o) - 3*t(o). Suppose -3*z - 6 + 4 = -4*g, 5*z = 5*g. Give s(z).
-2
Let i(l) = -5*l + 142 - l + 6*l - 144 + 3*l. Let d = 5 - 3. Determine i(d).
4
Let x = 350 + -356. Let u(b) = -b**2 - 4*b + 3. Give u(x).
-9
Let z(i) = -i - 1. Let r(f) 